e factors of 34708.
2, 8677
List the prime factors of 7747.
61, 127
List the prime factors of 1942.
2, 971
What are the prime factors of 10530?
2, 3, 5, 13
List the prime factors of 18764.
2, 4691
List the prime factors of 305.
5, 61
What are the prime factors of 2144?
2, 67
List the prime factors of 3459.
3, 1153
What are the prime factors of 539?
7, 11
What are the prime factors of 11583?
3, 11, 13
What are the prime factors of 14963?
13, 1151
What are the prime factors of 33781?
11, 37, 83
List the prime factors of 8997.
3, 2999
What are the prime factors of 745?
5, 149
What are the prime factors of 72750?
2, 3, 5, 97
What are the prime factors of 14321?
14321
What are the prime factors of 45375?
3, 5, 11
List the prime factors of 6882.
2, 3, 31, 37
List the prime factors of 17787.
3, 7, 11
List the prime factors of 542.
2, 271
List the prime factors of 992.
2, 31
What are the prime factors of 4118?
2, 29, 71
List the prime factors of 21179.
21179
List the prime factors of 2922.
2, 3, 487
What are the prime factors of 77459?
29, 2671
What are the prime factors of 26940?
2, 3, 5, 449
What are the prime factors of 5396?
2, 19, 71
What are the prime factors of 14218?
2, 7109
List the prime factors of 5333.
5333
List the prime factors of 72653.
7, 97, 107
List the prime factors of 15317.
17, 53
What are the prime factors of 1231?
1231
What are the prime factors of 3103?
29, 107
List the prime factors of 5913.
3, 73
List the prime factors of 7097.
47, 151
List the prime factors of 33800.
2, 5, 13
What are the prime factors of 2009?
7, 41
What are the prime factors of 104930?
2, 5, 7, 1499
What are the prime factors of 2224?
2, 139
What are the prime factors of 152165?
5, 13, 2341
List the prime factors of 88849.
23, 3863
What are the prime factors of 45127?
45127
List the prime factors of 3122.
2, 7, 223
What are the prime factors of 48610?
2, 5, 4861
What are the prime factors of 28218?
2, 3, 4703
List the prime factors of 1304.
2, 163
List the prime factors of 4927.
13, 379
What are the prime factors of 9444?
2, 3, 787
List the prime factors of 10531.
10531
List the prime factors of 4520.
2, 5, 113
What are the prime factors of 14764?
2, 3691
List the prime factors of 5444.
2, 1361
What are the prime factors of 3816?
2, 3, 53
What are the prime factors of 7047?
3, 29
What are the prime factors of 13656?
2, 3, 569
List the prime factors of 8193.
3, 2731
List the prime factors of 32251.
32251
List the prime factors of 7480.
2, 5, 11, 17
List the prime factors of 21133.
7, 3019
What are the prime factors of 56?
2, 7
List the prime factors of 123008.
2, 31
What are the prime factors of 5198?
2, 23, 113
List the prime factors of 57434.
2, 13, 47
What are the prime factors of 94742?
2, 127, 373
What are the prime factors of 10026?
2, 3, 557
What are the prime factors of 3902?
2, 1951
What are the prime factors of 6016?
2, 47
List the prime factors of 1315.
5, 263
List the prime factors of 127.
127
What are the prime factors of 2540?
2, 5, 127
What are the prime factors of 8377?
8377
List the prime factors of 1157.
13, 89
List the prime factors of 2212.
2, 7, 79
What are the prime factors of 6647?
17, 23
List the prime factors of 13290.
2, 3, 5, 443
What are the prime factors of 382?
2, 191
What are the prime factors of 21404?
2, 5351
What are the prime factors of 121?
11
What are the prime factors of 1904?
2, 7, 17
What are the prime factors of 14042?
2, 7, 17, 59
List the prime factors of 13562.
2, 6781
What are the prime factors of 957?
3, 11, 29
What are the prime factors of 531?
3, 59
What are the prime factors of 103302?
2, 3, 1913
List the prime factors of 4058.
2, 2029
What are the prime factors of 21163?
21163
What are the prime factors of 3575?
5, 11, 13
List the prime factors of 11401.
13, 877
What are the prime factors of 445?
5, 89
List the prime factors of 1576.
2, 197
List the prime factors of 7028.
2, 7, 251
List the prime factors of 13596.
2, 3, 11, 103
List the prime factors of 6573.
3, 7, 313
List the prime factors of 817.
19, 43
List the prime factors of 540.
2, 3, 5
What are the prime factors of 23399?
23399
List the prime factors of 4392.
2, 3, 61
List the prime factors of 56852.
2, 61, 233
List the prime factors of 9765.
3, 5, 7, 31
What are the prime factors of 68?
2, 17
List the prime factors of 58624.
2, 229
What are the prime factors of 2844?
2, 3, 79
List the prime factors of 51741.
3, 5749
What are the prime factors of 25172?
2, 7, 29, 31
List the prime factors of 1043.
7, 149
What are the prime factors of 636?
2, 3, 53
List the prime factors of 4249.
7, 607
What are the prime factors of 13623?
3, 19, 239
List the prime factors of 53568.
2, 3, 31
What are the prime factors of 24102?
2, 3, 13, 103
List the prime factors of 4737.
3, 1579
List the prime factors of 4862.
2, 11, 13, 17
What are the prime factors of 11499?
3, 3833
List the prime factors of 9120.
2, 3, 5, 19
List the prime factors of 28708.
2, 7177
List the prime factors of 58797.
3, 47, 139
List the prime factors of 2531.
2531
List the prime factors of 48904.
2, 6113
List the prime factors of 99433.
17, 5849
List the prime factors of 105870.
2, 3, 5, 3529
List the prime factors of 808.
2, 101
What are the prime factors of 793?
13, 61
What are the prime factors of 3934?
2, 7, 281
List the prime factors of 428.
2, 107
What are the prime factors of 46011?
3, 7, 313
List the prime factors of 66812.
2, 16703
What are the prime factors of 59705?
5, 11941
What are the prime factors of 8217?
3, 11, 83
List the prime factors of 4121.
13, 317
What are the prime factors of 1743?
3, 7, 83
List the prime factors of 8507.
47, 181
What are the prime factors of 2673?
3, 11
List the prime factors of 2283.
3, 761
List the prime factors of 16476.
2, 3, 1373
List the prime factors of 3540.
2, 3, 5, 59
List the prime factors of 3545.
5, 709
What are the prime factors of 10060?
2, 5, 503
What are the prime factors of 1591?
37, 43
What are the prime factors of 849?
3, 283
What are the prime factors of 161451?
3, 17939
What are the prime factors of 18275?
5, 17, 43
What are the prime factors of 3454?
2, 11, 157
What are the prime factors of 60101?
60101
List the prime factors of 196912.
2, 31, 397
List the prime factors of 14440.
2, 5, 19
What are the prime factors of 1195?
5, 239
List the prime factors of 2562.
2, 3, 7, 61
List the prime factors of 147.
3, 7
What are the prime factors of 47114?
2, 23557
List the prime factors of 1188.
2, 3, 11
What are the prime factors of 16218?
2, 3, 17, 53
What are the prime factors of 8402?
2, 4201
What are the prime factors of 567?
3, 7
What are the prime factors of 1265?
5, 11, 23
List the prime factors of 528.
2, 3, 11
What are the prime factors of 5141?
53, 97
What are the prime factors of 15327?
3, 13, 131
What are the prime factors of 76?
2, 19
What are the prime factors of 1589?
7, 227
List the prime factors of 1920.
2, 3, 5
What are the prime factors of 31481?
31481
List the prime factors of 531.
3, 59
List the prime factors of 6946.
2, 23, 151
What are the prime factors of 5855?
5, 1171
What are the prime factors of 4830?
2, 3, 5, 7, 23
What are the prime factors of 18774?
2, 3, 7, 149
What are the prime factors of 373?
373
What are the prime factors of 4174?
2, 2087
What are the prime factors of 1518?
2, 3, 11, 23
List the prime factors of 2485.
5, 7, 71
What are the prime factors of 1883?
7, 269
List the prime factors of 9563.
73, 131
What are the prime factors of 86101?
29, 2969
What are the prime factors of 641?
641
What are the prime factors of 7804?
2, 1951
List the prime factors of 133.
7, 19
What are the prime factors of 21113?
43, 491
What are the prime factors of 3836?
2, 7, 137
What are the prime factors of 134445?
3, 5, 8963
What are the prime factors of 1305?
3, 5, 29
List the prime factors of 43592.
2, 5449
List the prime factors of 449.
449
List the prime factors of 52509.
3, 23, 761
What are the prime factors of 58472?
2, 7309
What are the prime factors of 771?
3, 257
What are the prime factors of 13779?
3, 1531
List the prime factors of 1878.
2, 3, 313
What are the prime factors of 11?
11
List the prime factors of 10033.
79, 127
List the prime factors of 3750.
2, 3, 5
List the prime factors of 2616.
2, 3, 109
List t